Suppose 151 = -2*y - b + 704, y = -c*b + 284. What is the tens digit of y?
7
Suppose 0 = 3*t - 0*m - m - 11, -2*t + 9 = m. Let z be (-330)/t*(-8)/10. Suppose -5*o = -3*v - 155, 15 = -2*o - v + z. What is the units digit of o?
8
Let q(d) = 36*d**2 + 6*d + 1. What is the tens digit of q(-4)?
5
Suppose 5*k + 303 = 3*c, c - 303 = -2*c + 2*k. Suppose -c = -f - 3*i + 6, f = i + 95. What is the units digit of f?
8
What is the thousands digit of (-47302)/(-16) - 1 - 279/744?
2
Let m(y) = 2*y**2 + 5*y - 2. Let o be m(3). Let l be 1 - (-3 - 3/1). Let r = o - l. What is the tens digit of r?
2
Suppose 4*q = 8, -q = 5*u + 4*q - 40. Suppose l - 133 = -u*l. What is the units digit of l?
9
Let q be 180 + 5/((-5)/(-4)). Suppose v = -4 + q. What is the hundreds digit of v?
1
Let s = -1395 + 2281. What is the units digit of s?
6
Suppose 13*d = 9*d - 16. Let l(z) = -3*z**3 - z**2 + 7*z + 4. What is the tens digit of l(d)?
5
Let d = 36 + -32. Suppose 21 = 4*c + d*f - 191, -4*c + 210 = 2*f. What is the units digit of c?
2
Suppose 21228 = 27*a + 2*a. What is the tens digit of a?
3
Suppose k - 5*x + 12 = 64, -3*x + 84 = 3*k. Let c = 86 - k. What is the tens digit of c?
5
Suppose 2*s = 3*v - 41, s - 6 + 25 = v. Let z = 20 + s. What is the units digit of z?
4
Let f(u) be the first derivative of 3*u**3 + u**2 - 2*u + 8. Let o be -1 + -2 + 0 + 4. What is the units digit of f(o)?
9
Let m be (1 + (-69)/15)/((-3)/(-20)). What is the units digit of m/3*(-183)/12?
2
Suppose -5*o + 36 - 11 = 0. Suppose o*n - 29 = 11. What is the units digit of n?
8
Let p(i) = -i**3 - 17*i**2 + 18*i + 15. What is the units digit of p(-18)?
5
Let c(d) = 74*d**2 + d + 10. Let r be c(3). Let q = r - 449. What is the units digit of q?
0
What is the tens digit of 4/2*(56820/24 - -3)?
4
Suppose -17*k = -18*k + 171. Let g = -28 + k. What is the units digit of g?
3
Let k be 6/(-6) + (2 - 3). What is the tens digit of 1/(4/(-448)*k)?
5
Let s(r) = -r + 9. Suppose 3*q - 7*q + 40 = 0. Suppose -4*x + 4*a = -12, x + 4*a - q = 8. What is the units digit of s(x)?
3
Suppose 0 = -4*i + 3*i. Let l be (1 - i)*4 + -2. What is the tens digit of 42 - (4 - l) - 0?
4
Suppose 3*t + 1 = 2*i, i - 2*t = -0*i. Let s(x) = -6*x**2 - 2*x. Let z(l) = 7*l**2 + 2*l. Let v(k) = -5*s(k) - 4*z(k). What is the units digit of v(i)?
2
Let v(i) = 9*i + 67. What is the tens digit of v(14)?
9
Let z = 4119 + -1935. What is the thousands digit of z?
2
Let w be 80/(-30)*((-39)/6 - -2). Suppose -59 = w*z - 13*z. What is the tens digit of z?
5
Let j = 680 + 170. What is the tens digit of (-2)/(-6) - j/(-15)?
5
Let l = 348 - 528. Let v = 18 - l. What is the hundreds digit of v?
1
Let i be 2/(-5) + (-215)/25. Let a = i + 15. Suppose -2*p + a = 4*v, 2*p - 3*v = -0*p + 20. What is the units digit of p?
7
Let f(b) = -2*b**2 - 6*b - 5. Let j be f(-6). Let k be ((-7)/4)/((9/52)/(-9)). Let n = k + j. What is the units digit of n?
0
Let j = -43 + -68. Let r be j*(8/6)/(-2). Suppose -3*z = 5*g - r - 73, -5*z - 95 = -3*g. What is the tens digit of g?
3
Suppose -41 = o + 83. Let i = o - -217. What is the tens digit of i?
9
Let q(h) = -h - 11. Let x be q(-12). What is the units digit of (x - 0) + 18 + 1?
0
Suppose -2*l + 8 = 2*l. Let x be (3 - l*-4) + 0. Suppose -10*t = -x*t + 5. What is the units digit of t?
5
Let o(a) = a**2 + 3*a - 8. Let p be o(-6). Let y = p + -7. Suppose y*i = -5*h - i + 153, -2*h + 3*i = -52. What is the tens digit of h?
2
Let a = -325 + 871. What is the units digit of a?
6
Suppose -3*q = -d - 99, 2*d + q + 226 = -0*q. Let p = 15 - 172. Let r = d - p. What is the tens digit of r?
4
Let n be (-151 + 1)*((-24)/(-10))/(-6). Let q = 1 + n. What is the tens digit of q?
6
What is the tens digit of 84/210 + (-24219)/(-15)?
1
Let q(g) = 296*g - 363. What is the hundreds digit of q(8)?
0
Suppose -5*a + 6 - 38 = -3*h, -h + 24 = -5*a. Let r(o) = o**2 + 6. Let j be r(0). What is the units digit of h - j - -1*4?
2
What is the units digit of (1 - (-34)/(-30)) + (-3934)/(-30)?
1
Suppose 8*d + 105 = -13*d. What is the hundreds digit of (2 - d/((-5)/4))*-142?
2
What is the hundreds digit of (26740/18 + (-7)/(-63))*3?
4
Let o(s) = 3*s**2 - s - 5. Suppose -3*h - 13 - 9 = -2*c, -2*h - c = 10. Let v = -3 - h. What is the units digit of o(v)?
9
Let d(o) = o**2 + 5. Let n be d(0). Suppose -i = -n - 4. What is the units digit of i?
9
Let r be -1 - (-1 + -3 - 1). What is the hundreds digit of ((-1199)/44)/((-1)/r)?
1
Let b(j) be the first derivative of -19*j**2 + 2*j + 1. Let x be b(-1). Let u = x + -26. What is the units digit of u?
4
Suppose 13*c = -35*c + 102864. What is the units digit of c?
3
Let p = -1661 + 3061. What is the tens digit of p?
0
Suppose 4*x - 20 = 0, 326*s + 6230 = 331*s - 4*x. What is the hundreds digit of s?
2
What is the thousands digit of 2034 - (7 + 0 + (-3)/1)?
2
What is the units digit of (7 + -2 + -2)/((-69)/(-26243))?
1
Suppose 2192 = -7*z + 8*z + l, 5*z = -l + 10968. What is the tens digit of z?
9
Let i be -12*(198/(-189) + 2/(-7)). Suppose 18 = k - 2*o, 2*k - k - 5*o - 30 = 0. Suppose q = i + k. What is the units digit of q?
6
Let n(c) = -c**3 - 9*c**2 - 7*c + 12. Let a be n(-8). Suppose 0 = m - a*m + 231. What is the tens digit of m?
7
Let b = 68 - 65. Let t = 1 + -1. Suppose b*u - 32 - 22 = t. What is the tens digit of u?
1
Suppose -4*b + 5*b - 128 = 0. Suppose -5*g + 3*m + b = 0, -g = 4*g + 3*m - 122. What is the tens digit of g?
2
Let h(t) = 355*t**2 - 5*t + 2. Let m be h(2). Suppose 122 = -10*i + m. What is the units digit of i?
9
Suppose 4074 = -34*p + 48*p. What is the units digit of p?
1
Suppose 275*b = 284*b - 1611. What is the tens digit of b?
7
What is the hundreds digit of 901/((28/16)/7*2)?
8
Suppose 2*v + 5 = -1. Let q be ((-928)/(-12))/(-4)*v. Suppose l = -l + q. What is the tens digit of l?
2
Let b(s) = s**2 - 8*s + 29. Suppose -60 = -9*g + 5*g. What is the units digit of b(g)?
4
Let t(p) = -p**3 + 10*p**2 - 4*p - 15. Let r be 5/(-1 - 14)*-24. What is the tens digit of t(r)?
8
Suppose -4*q = 3*l - 2*q - 559, 768 = 4*l - 3*q. Let r = l + -77. What is the tens digit of r?
1
Suppose 2*f = -4*k + 26, 5*k = f + 2*k + 7. Suppose t - f*d = 20, 0 = -t + 4*d - 11 + 28. What is the units digit of t?
5
Let f(j) = -j**3 + 27*j**2 - 5*j - 12. What is the tens digit of f(26)?
3
Let q = 10046 - 6691. What is the hundreds digit of q?
3
Suppose -5*o - 5 = -70. Suppose 1242 = -4*h + o*h. What is the units digit of h?
8
Let u be 1*-3 - (-13 + -2). Suppose 5*m = 3 + u. Suppose 0 = -g - b + 17, m*b = 3 - 0. What is the units digit of g?
6
Suppose 0 = 14*z - 11*z - 9. Suppose 217 = -z*h + 874. What is the units digit of h?
9
Let p(w) = -2*w + 11. Let j(f) = -10*f + 56. Let t(i) = 3*j(i) - 16*p(i). Let c be t(6). Let s = -1 + c. What is the units digit of s?
3
What is the units digit of 30/135 + (-54644)/(-18)?
6
Let a be (-6)/(-4 - (-8)/4). Suppose 4*k = 2*g + 182, -4*k - a*g = -6*k + 81. What is the tens digit of k?
4
Let u be -2 + 6 + -5 - -3. Suppose 0 = 4*a - 3*v - 356, -2*a - v = u*a - 372. What is the tens digit of a?
9
Let g be -1 - ((-32)/(-4) + -4). Suppose -7 = m - 4. What is the tens digit of (g/(-3))/(m/(-18))?
1
Let i be 4/(-6)*(-456)/(-16). Suppose -6*p - 135 = -p. Let z = i - p. What is the units digit of z?
8
Let d(r) = r**3 + 36*r**2 - 21*r + 123. What is the tens digit of d(-35)?
8
Suppose 3*m = -3*r + r + 18, 2*m - 23 = -5*r. Let g(j) = j - 7 - j**r - 4 - 12*j - 8*j**2 + 4*j. What is the units digit of g(-8)?
5
Let c be (2/(-3))/(15/(-180)). Let v = 259 + c. What is the units digit of v?
7
Let v(m) = -m**2 - 8*m + 82. What is the tens digit of v(0)?
8
Let d(r) = -33*r - 28. What is the units digit of d(-17)?
3
Let u(d) = 3*d**3 + d**2 - d. Let w be u(1). Suppose -4 = 4*z + 2*y, -5*z - 2 = w*y + 5. What is the units digit of z?
1
Let u(i) = -i**2 - 5*i + 1. Let q be u(-4). Let j(x) = -5*x - 13 + q*x + 3*x. What is the units digit of j(7)?
8
Let g(j) = -2. Let x(m) = 2*m - 24. Let q(u) = 12*g(u) - 3*x(u). What is the hundreds digit of q(-19)?
1
Let y = 14 - 14. Let f be (-6)/(-2 + y)*-1. Let l = f - -20. What is the tens digit of l?
1
Let r = 593 - 449. What is the units digit of r?
4
Let h(x) = -x**3 - 6*x**2 - 2*x + 7. Suppose 0 = -2*z - 2*z - 20. Let y be h(z). What is the tens digit of (-95)/y + (-3)/(-24)